. Give o(6).
-4
Let f(i) = 22*i**3 - 2*i**2 - 12*i + 53. Determine f(4).
1381
Let f(w) = 3553*w + 3558. What is f(-1)?
5
Let t(f) = -4*f**3 + 9*f**2 + 19. Give t(3).
-8
Let a(h) = h**2 + 28*h - 40. What is a(-14)?
-236
Let p(b) = -b**3 + 9*b**2 + 35*b - 260. Determine p(6).
58
Let o(j) = -2*j**2 - 96*j + 1727. Calculate o(-62).
-9
Let b(n) = -3*n**2 + 25*n + 2. Give b(11).
-86
Let c(i) = i**3 - 83*i**2 - 85*i + 91. Determine c(84).
7
Let s(i) = -55*i + 931. Calculate s(17).
-4
Let s(f) = -136*f + 615. Determine s(6).
-201
Let v(o) = o**2 - 82*o - 1337. What is v(96)?
7
Let s(i) = -i**3 + 97*i - 31. Determine s(-10).
-1
Let o(c) = -c**3 + 30*c**2 - 30*c + 1. What is o(29)?
-28
Let b(a) = -57*a - 55. Give b(-6).
287
Let n(j) = -2*j**2 - 72*j + 17. What is n(-37)?
-57
Let s(m) = m**2 - 12*m + 24. Calculate s(7).
-11
Let d(p) = p**3 + 28*p**2 - 90*p - 902. What is d(-30)?
-2
Let z(l) = 3*l**3 - 86*l**2 - 222*l + 136. Determine z(31).
-19
Let t(u) = -u**2 + 97*u - 2170. Give t(65).
-90
Let c(w) = -w**3 + 6*w**2 + 4*w + 32. What is c(8)?
-64
Let q(t) = 72*t + 60. Determine q(-4).
-228
Let u(x) = 30*x**2 - 417*x - 5. Determine u(13).
-356
Let u(y) = 3*y**2 + 190*y - 4592. What is u(-82)?
0
Let v(x) = 502*x + 14093. Give v(-28).
37
Let j(p) = p**2 - 834*p + 17856. Determine j(22).
-8
Let v(m) = 96*m - 1200. Calculate v(18).
528
Let n(l) = 220*l - 1120. Calculate n(5).
-20
Let v(o) = o**2 + 77*o + 79. Determine v(-76).
3
Let p(l) = 33*l - 566. Determine p(22).
160
Let m(j) = j**3 + 6*j**2 + 65*j + 381. Determine m(-6).
-9
Let r(k) = 43*k + 767. Calculate r(-18).
-7
Let s(m) = m**2 + 285*m + 3277. What is s(-12)?
1
Let l(t) = 16*t**2 + 30*t - 51. What is l(-3)?
3
Let j(g) = g**3 + 72*g**2 - 815*g + 405. Determine j(-82).
-5
Let o(q) = -4*q**2 - 771*q + 770. What is o(1)?
-5
Let b(p) = -20*p**2 - 94*p - 38. Determine b(-4).
18
Let w(i) = i**3 + 13*i**2 - 4*i - 40. Determine w(-9).
320
Let y(o) = -171*o - 2557. What is y(-15)?
8
Let u(w) = w**3 - 9*w**2 + 29*w + 19. Determine u(8).
187
Let f(p) = p**3 + 9*p**2 + 74*p + 419. Give f(-7).
-1
Let w(g) = g**3 + 60*g**2 + 116*g - 22. What is w(-58)?
-22
Let u(a) = -a**2 + 9*a - 9. What is u(9)?
-9
Let v(o) = -o**3 - 35*o**2 + 75*o + 70. Give v(-37).
33
Let o(k) = -41*k + 34. Calculate o(1).
-7
Let u(k) = k**3 - 7*k**2 + 59. Give u(4).
11
Let t(j) = -j**3 - 107*j**2 - 211*j - 106. Give t(-105).
-1
Let g(r) = -2*r**2 + 111*r - 1016. Give g(44).
-4
Let d(m) = m**3 + 17*m**2 - 3*m - 53. Determine d(0).
-53
Let k(v) = -2*v**3 + 24*v**2 + 23*v + 65. Give k(13).
26
Let r(n) = 3*n**3 - 5*n**2 - 153*n - 90. Calculate r(-6).
0
Let o(s) = 47*s**3 + 8*s**2 + 22*s + 24. Determine o(-2).
-364
Let h(q) = -q**3 - 9*q**2 - 4*q - 6. Give h(-6).
-90
Let s(f) = -f**3 + 187*f**2 + 1147*f + 2106. Give s(193).
-17
Let g(q) = q**2 - 6*q + 14. What is g(3)?
5
Let o(z) = 5*z**2 + 126*z + 166. Determine o(-23).
-87
Let f(r) = r**3 - 38*r**2 + 4*r + 17. Calculate f(0).
17
Let o(p) = 5*p**2 - 94*p + 154. Give o(17).
1
Let y(f) = -1401*f + 9807. What is y(7)?
0
Let d(b) = b**3 - 65*b**2 - 762*b + 894. Calculate d(75).
-6
Let v(o) = 2*o**2 + 17*o - 464. What is v(14)?
166
Let u(r) = -4*r**2 + 177*r + 117. Give u(45).
-18
Let w(i) = 3*i**2 + 105*i + 353. Give w(-31).
-19
Let d(q) = 43*q + 203. What is d(-10)?
-227
Let l(v) = -9*v**3 + 65*v**2 + 132*v + 99. What is l(9)?
-9
Let l(u) = -u**2 + 51*u + 929. What is l(64)?
97
Let l(u) = 15*u**2 - 129*u + 129. What is l(1)?
15
Let q(c) = 10*c**2 - 63*c - 722. What is q(-6)?
16
Let k(f) = 2*f**2 - 734*f + 17735. Determine k(26).
3
Let w(m) = -24*m**2 + 204*m - 202. Determine w(1).
-22
Let v(i) = -11*i**2 + 108*i + 927. Determine v(-7).
-368
Let a(s) = -4*s**2 - 21*s + 138. Give a(-9).
3
Let i(y) = 10*y**2 - 42*y + 38. What is i(3)?
2
Let u(q) = -61*q**3 - q**2 + 13*q - 12. Give u(1).
-61
Let c(w) = -3*w**3 + 22*w**2 + 41*w - 209. Give c(8).
-9
Let j(w) = 2*w**2 + 5*w + 15. Determine j(-3).
18
Let z(s) = -16*s**3 + 13*s**2 - 15*s - 13. Calculate z(3).
-373
Let j(q) = 594*q + 2972. Give j(-5).
2
Let m(v) = v**3 - 21*v**2 + 102*v + 182. What is m(10)?
102
Let r(m) = m**2 + 35*m - 2672. Calculate r(37).
-8
Let d(u) = -14*u + 186. Determine d(6).
102
Let d(h) = -85*h + 846. Calculate d(14).
-344
Let s(b) = -25*b - 809. Calculate s(-39).
166
Let c(g) = -2*g**3 - 45*g**2 - 4628*g - 95869. Calculate c(-21).
-4
Let v(g) = -18*g**3 + 3*g**2 + 2*g - 4. What is v(1)?
-17
Let g(h) = 847*h - 44878. What is g(53)?
13
Let z(d) = 225*d + 1412. Give z(-6).
62
Let b(g) = g**3 + 14*g**2 - 886*g - 13665. Determine b(-16).
-1
Let v(b) = -6*b**2 + 564*b + 24197. Determine v(-32).
5
Let x(q) = -q**3 + 40*q**2 - 111*q - 61. Give x(37).
-61
Let y(x) = 26*x + 185. Determine y(-26).
-491
Let d(n) = -2*n**3 - 214*n**2 + 446*n - 24. What is d(2)?
-4
Let j(a) = -74*a**3 + 2*a**2 + 4. Give j(2).
-580
Let j(d) = 2*d**2 - 27*d - 37. What is j(17)?
82
Let v(u) = -u**3 + 16*u**2 - 40*u + 30. Determine v(12).
126
Let f(v) = 4*v**2 - 468*v - 3990. What is f(-8)?
10
Let a(r) = r**3 + 2*r**2 - 6*r - 5. Determine a(-3).
4
Let h(l) = -3*l**2 - 123*l - 1035. Calculate h(-12).
9
Let t(m) = -20*m - 32. What is t(-9)?
148
Let l(n) = 4*n**2 - 119*n - 26. Calculate l(30).
4
Let g(z) = z**3 - 47*z**2 + 47*z + 258. What is g(46)?
304
Let o(l) = l**3 + 24*l**2 + 143*l + 12. Calculate o(-11).
12
Let u(s) = -208*s + 22. Determine u(-1).
230
Let h(w) = w**3 + 5*w**2 - 22*w + 16. Give h(-7).
72
Let t(w) = -109*w + 878. Give t(8).
6
Let h(k) = 263*k + 1162. What is h(-4)?
110
Let y(r) = -r**3 + r**2 + 154*r - 17. What is y(13)?
-43
Let m(v) = 57*v - 215. Give m(4).
13
Let u(l) = -20317*l - 121911. What is u(-6)?
-9
Let u(w) = w**3 - 75*w**2 - 235*w + 123. What is u(78)?
45
Let r(d) = d**2 - 381*d + 27905. What is r(99)?
-13
Let v(d) = d**2 - 3915*d - 29. Give v(0).
-29
Let j(g) = -g**3 + 5*g**2 + 4*g - 2. Calculate j(6).
-14
Let j(c) = -36*c**2 - 358*c + 13. Give j(-10).
-7
Let g(r) = -r**2 - 101*r - 665. Determine g(-94).
-7
Let i(c) = -6*c**2 + 120*c + 72. Give i(15).
522
Let h(w) = -220*w - 4411. Calculate h(-20).
-11
Let p(v) = -164*v - 3786. Calculate p(-23).
-14
Let g(u) = u**2 + 46*u - 1332. Determine g(-64).
-180
Let z(r) = 4116*r + 123480. Determine z(-30).
0
Let l(u) = u**3 + 78*u**2 - 219*u + 1948. Give l(-81).
4
Let g(s) = 3*s**3 + 2*s**2 - 27*s - 1. Determine g(-5).
-191
Let z(r) = r**3 + 13*r**2 - r. What is z(-13)?
13
Let t(j) = -j**3 + 12*j**2 - 23*j - 2. What is t(10)?
-32
Let g(j) = -j**3 + 10*j**2 - 18*j + 4. Give g(2).
0
Let d(w) = 2*w**3 + 47*w**2 - 33*w - 224. Determine d(-24).
-8
Let w(n) = 4*n**3 + 24*n**2 - 4*n - 44. Give w(-6).
-20
Let p(s) = 23*s + 644. Give p(-28).
0
Let n(i) = -2*i + 5. What is n(-9)?
23
Let u(o) = 41*o + 3818. Give u(-93).
5
Let q(p) = p**3 + 5*p**2 - 3*p - 2. Give q(5).
233
Let y(k) = 19*k + 36. Determine y(-7).
-97
Let m(f) = 404*f + 22599. Give m(-56).
-25
Let g(x) = x**3 - 27*x**2 - 23*x + 592. What is g(27)?
-29
Let v(p) = 4347*p - 4335. Calculate v(1).
12
Let x(r) = 2*r**3 - 393*r**2 - 196*r - 195. Determine x(197).
2
Let g(j) = 4*j**3 - 205*j**2 - 127*j - 1514. Give g(52).
-6
Let t(j) = 8*j**2 + 57*j + 16. Determine t(7).
807
Let y(p) = -7*p**2 - 138*p - 135. Calculate y(-1).
-4
Let r(f) = -4*f**2 + 22*f + 439. Give r(-8).
7
Let v(t) = -t**2 + 59*t + 5462. Give v(-50).
12
Let m(z) = -3*z**3 - 77*z**2 - 5*z + 38. Calculate m(-26).
844
Let f(b) = -44*b + 192. Determine f(7).
-116
Let o(m) = -m**3 + 19*m**2 + 64*m + 27. What is o(19)?
1243
Let t(i) = -2*i**2 + 973*i - 89416. Calculate t(123).
5
Let h(b) = -b**2 - 35*b - 284. What is h(-22)?
2
Let a(l) = -169*l**3 + l**2 - 23*l + 23. Give a(1).
-168
Let t(v) = 33*v**3 + v**2 - 10*v + 10. What is t(1)?
34
Let z(f) = -258*f - 3469. What is z(-13)?
-115
Let j(r) = -r**3 + 32*r**2 - 252*r - 12. Calculate j(14).
-12
Let a(m) = -10*m**2 - 117*m - 30. What is a(-11)?
47
Let p(o) = 24*o - 68. What is p(11)?
196
Let b(c) = 3*c**3 + 59*c**2 + 32*c - 44. What is b(-19)?
70
Let g(z) = -1069*z + 1074. What is g(1)?
5
Let v(x) = -5*x**3 + 28*x**2 - 78*x - 12. What is v(4)?
-196
Let q(o) = o**3 + 2*o**2 + 3*o + 89. Determine q(-5).
-1
Let v(h) = -52*h + 1660. Determine v(42).
-524
Let i(x) = 88*x - 516. Give i(6).
12
Let j(f) = -f**3 - 33*f**2 - 93*f - 968. Calcula